hat is -144474 (base 8) in base 4?
-30210330
1085 (base 12) to base 13
aa9
657d (base 14) to base 9
26065
Convert 131 (base 12) to base 2.
10110101
Convert 11001110010010 (base 2) to base 6.
141042
Convert -467 (base 10) to base 2.
-111010011
Convert -477 (base 8) to base 14.
-18b
946 (base 12) to base 10
1350
Convert 21a73 (base 13) to base 3.
10002211002
124120 (base 5) to base 12
2a12
-70451 (base 8) to base 5
-1411334
Convert 110010101111101 (base 2) to base 7.
135514
What is -243313 (base 5) in base 8?
-21770
11317 (base 14) to base 2
1010001100101001
Convert -660 (base 7) to base 10.
-336
6bd9 (base 14) to base 15
5891
19db (base 15) to base 8
12746
What is 949 (base 11) in base 5?
14032
Convert -3365 (base 8) to base 15.
-7db
-206 (base 7) to base 12
-88
-24 (base 15) to base 8
-42
What is -a0c0 (base 13) in base 10?
-22126
-162d (base 14) to base 9
-5381
What is -6ab (base 14) in base 12?
-927
444 (base 5) to base 7
235
231342 (base 6) to base 8
46516
What is -312 (base 13) in base 8?
-1012
What is 6c9 (base 15) in base 12?
a83
-100110011 (base 2) to base 13
-1a8
-75 (base 11) to base 3
-10001
Convert 4311 (base 6) to base 9.
1307
1b4 (base 12) to base 16
118
Convert -1642 (base 7) to base 6.
-3031
3000333 (base 4) to base 12
7193
Convert 1021 (base 7) to base 14.
1b8
-20542 (base 7) to base 11
-38a6
Convert -10435 (base 6) to base 7.
-4160
What is -180 (base 12) in base 3?
-22220
-55454 (base 7) to base 5
-421310
Convert 6314 (base 10) to base 8.
14252
Convert 15133 (base 11) to base 16.
53cd
Convert -544031 (base 6) to base 4.
-22332103
Convert -2bfe (base 16) to base 9.
-16403
Convert -1310210 (base 4) to base 15.
-2325
What is -7165 (base 9) in base 3?
-21012012
Convert 15072 (base 12) to base 3.
1111102012
Convert 1043343 (base 5) to base 4.
10202212
What is -4c1 (base 14) in base 15?
-438
What is 505 (base 13) in base 8?
1522
What is 2371 (base 10) in base 9?
3224
Convert -426 (base 7) to base 3.
-22000
Convert 18b4 (base 15) to base 8.
12340
Convert -10000001100 (base 2) to base 10.
-1036
-4423 (base 8) to base 13
-1099
Convert -514 (base 7) to base 15.
-121
-125533 (base 6) to base 13
-53c1
What is 4adf (base 16) in base 13?
8955
301543 (base 7) to base 10
51040
What is -2322 (base 4) in base 12?
-136
What is 112010 (base 3) in base 14?
1d3
Convert 14246 (base 8) to base 3.
22122201
Convert -100230332 (base 4) to base 11.
-47445
What is -3124 (base 6) in base 7?
-2020
What is 24037 (base 9) in base 5?
1003242
49a (base 16) to base 3
1121122
-1505 (base 8) to base 14
-43b
455 (base 7) to base 10
236
What is -350423 (base 6) in base 16?
-750f
What is -1411 (base 5) in base 4?
-3213
Convert -400442 (base 5) to base 9.
-18274
-11101001011 (base 3) to base 9
-141034
-2328 (base 10) to base 11
-1827
Convert a082 (base 13) to base 12.
10938
Convert 1000000011 (base 2) to base 6.
2215
15c7 (base 14) to base 7
14240
2063 (base 7) to base 4
23123
Convert -24340 (base 5) to base 13.
-abc
-3333 (base 6) to base 4
-30021
-7765 (base 10) to base 3
-101122121
Convert -267 (base 11) to base 13.
-1b3
31 (base 6) to base 4
103
What is 32a (base 11) in base 9?
478
-100 (base 3) to base 8
-11
Convert -201e (base 15) to base 3.
-100022002
What is 147b7 (base 12) in base 4?
13001323
What is -18714 (base 10) in base 4?
-10210122
210102 (base 3) to base 10
578
14 (base 15) to base 13
16
Convert 32200 (base 4) to base 13.
565
What is -173a (base 16) in base 7?
-23223
What is -2636 (base 7) in base 11?
-836
What is -14107 (base 11) in base 9?
-30505
Convert -21ad2 (base 14) to base 16.
-13f38
What is -587 (base 9) in base 13?
-2b3
10010001 (base 3) to base 4
203131
1560 (base 12) to base 3
10110100
What is 2366 (base 8) in base 2?
10011110110
-2131 (base 5) to base 6
-1203
What is -2974 (base 10) in base 3?
-11002011
What is 36b (base 12) in base 13?
308
What is -2ac1 (base 13) in base 5?
-144431
What is -202022212 (base 3) in base 5?
-433234
-1010100101 (base 2) to base 6
-3045
What is -1363 (base 8) in base 4?
-23303
Convert 1000011110 (base 2) to base 15.
262
Convert 1173 (base 14) to base 13.
14cc
-22200 (base 5) to base 10
-1550
What is -226e (base 16) in base 4?
-2021232
What is -432 (base 8) in base 11?
-237
Convert 4113 (base 6) to base 11.
757
What is -1130144 (base 5) in base 4?
-11003002
Convert -131111 (base 4) to base 16.
-755
Convert -c83 (base 14) to base 3.
-10101101
Convert -15253 (base 15) to base 16.
-109bc
4027 (base 8) to base 5
31241
26822 (base 9) to base 4
10123310
Convert -1110010100001 (base 2) to base 7.
-30240
-2a2 (base 16) to base 6
-3042
Convert 31040 (base 5) to base 7.
5614
615a (base 13) to base 7
54100
-11347 (base 14) to base 11
-29460
Convert -219 (base 11) to base 7.
-523
900 (base 14) to base 15
7c9
131132 (base 6) to base 3
121101002
Convert -9e (base 15) to base 16.
-95
What is -2002120021 (base 3) in base 6?
-514524
Convert -9dac (base 16) to base 14.
-109d2
Convert -51 (base 9) to base 10.
-46
What is 4642 (base 7) in base 11?
1302
9a6 (base 13) to base 9
2241
534 (base 10) to base 7
1362
What is -1a91 (base 15) in base 14?
-2157
-23159 (base 11) to base 9
-50807
Convert 10120222 (base 4) to base 8.
43052
What is -3a4 (base 16) in base 5?
-12212
13c5 (base 13) to base 10
2865
-2432 (base 6) to base 15
-29b
-230 (base 9) to base 16
-bd
Convert 123021 (base 4) to base 2.
11011001001
What is -211120 (base 3) in base 10?
-609
What is 2209 (base 11) in base 7?
11331
2536 (base 7) to base 4
32332
-4693 (base 12) to base 2
-1111011001111
Convert -138 (base 16) to base 4.
-10320
Convert -3140142 (base 5) to base 7.
-306125
What is -110011110 (base 2) in base 10?
-414
Convert 110300 (base 6) to base 3.
110121000
What is 39589 (base 12) in base 11?
54051
-5711 (base 8) to base 7
-11540
What is -100111111110000 (base 2) in base 9?
-31057
What is -295 (base 13) in base 16?
-1cc
143232 (base 5) to base 2
1011110110011
What is -482 (base 10) in base 12?
-342
What is -21 (base 14) in base 9?
-32
What is -181a (base 13) in base 7?
-13262
Convert -a67 (base 11) to base 16.
-503
Convert -2105 (base 6) to base 12.
-335
What is 443334 (base 5) in base 7?
63046
-111120021 (base 3) to base 5
-304024
3300323 (base 5) to base 13
1c849
-d0b (base 16) to base 12
-1b23
5562 (base 13) to base 5
340120
-32606 (base 8) to base 5
-414302
-2b1 (base 16) to base 5
-10224
3104 (base 5) to base 10
404
What is 455520 (base 6) in base 10?
38856
Convert -243051 (base 6) to base 7.
-116302
18414 (base 9) to base 16
31ba
Convert 101242 (base 5) to base 6.
23214
Convert 131b (base 15) to base 4.
333230
10111011101010 (base 2) to base 16
2eea
What is 1353153 (base 6) in base 16?
12d7d
What is -3044 (base 9) in base 11?
-1745
What is 101110001101100 (base 2) in base 9?
35408
What is -2122 (base 11) in base 8?
-5367
What is -7a53 (base 14) in base 3?
-1002010201
Convert 315145 (base 6) to base 4.
12102221
-d55 (base 15) to base 16
-bbd
Convert -13d9 (base 16) to base 3.
-20222012
Convert -13 (base 16) to base 13.
-16
Convert 212244 (base 5) to base 7.
26663
-14c (base 14) to base 9
-323
5b44 (base 15) to base 6
225514
-3b4 (base 16) to base 6
-4220
66c9 (base 13) to base 12
8389
Convert -22 (base 11) to base 13.
-1b
What is 1177 (base 16) in base 11?
33a5
-6b (base 13) to base 12
-75
2541 (base 9) to base 13
b32
What is -4022 (base 8) in base 5?
-31231
Convert 1775 (base 14) to base 15.
13b4
-40003 (base 7) to base 16
-2587
What is 6314 (base 9) in base 6?
33234
What is 1040 (base 12) in base 16?
6f0
What is 2460 (base 9) in base 4?
130230
What is 100110101000 (base 2) in base 16?
9a8
Convert 193 (base 10) to base 5.
1233
Convert -1032 (base 12) to base 5.
-24031
What is -df6 (base 16) in base 4?
-313312
What is 42106 (base 9) in base 8?
66215
Convert 222120 (base 4) to base 16.
a98
What is 110100001100111 (base 2) in base 8?
64147
Convert -6171 (base 8) to base 9.
-4337
-1323121 (base 4) to base 9
-11744
Convert b131 (base 14) to base 16.
76d7
What is -5dc (base 14) in base 7?
-3265
-2b72 (base 13) to base 11
-484a
-268 (base 9) to base 10
-224
What is -211121 (base 3) in base 16?
-262
-6188 (base 9) to base 5
-121120
-11631 (base 8) to base 6
-35121
84d (base 15) to base 12
1101
Convert -728 (base 9) to base 16.
-251
What is -561 (base 8) in base 